{"id":111,"date":"2013-08-13T15:04:41","date_gmt":"2013-08-13T13:04:41","guid":{"rendered":"http:\/\/kungalvsbilservice.se\/?page_id=111"},"modified":"2013-08-21T13:59:10","modified_gmt":"2013-08-21T11:59:10","slug":"supertvatt-extra","status":"publish","type":"page","link":"http:\/\/kungalvsbilservice.se\/?page_id=111","title":{"rendered":"Supertv\u00e4tt Extra"},"content":{"rendered":"<p><span style=\"color: #808000; font-size: medium;\"><strong><img loading=\"lazy\" decoding=\"async\" alt=\"supertv\u00e4tt extra\" src=\"http:\/\/kungalvsbilservice.se\/wp-content\/uploads\/2013\/08\/suprx.png\" width=\"283\" height=\"50\" \/><\/strong><\/span><\/p>\n<p><span style=\"color: #ffffff; font-size: medium;\"><strong>Avfettning och kallavfettning<\/strong><\/span><br \/>\n<span style=\"color: #ffffff; font-size: medium;\"> <strong>Schamponering<\/strong><\/span><br \/>\n<span style=\"color: #ffffff; font-size: medium;\"> <strong>Torkning<\/strong><\/span><br \/>\n<span style=\"color: #ffffff; font-size: medium;\"> <strong>Damsugning<\/strong><\/span><br \/>\n<span style=\"color: #ffffff; font-size: medium;\"> <strong>Damsugning av bagage<\/strong><\/span><br \/>\n<span style=\"color: #ffffff; font-size: medium;\"> <strong>Spolning av plastmattor<\/strong><\/span><br \/>\n<span style=\"color: #ffffff; font-size: medium;\"> <strong>Reng\u00f6ring av paneler<\/strong><\/span><br \/>\n<span style=\"color: #ffffff; font-size: medium;\"> <strong>Reng\u00f6ring av alla d\u00f6rrfalsar<\/strong><\/span><br \/>\n<span style=\"color: #ffffff; font-size: medium;\"> <strong>Reng\u00f6ring av melland\u00f6rr kanterna<\/strong><\/span><br \/>\n<span style=\"color: #ffffff; font-size: medium;\"> <strong>F\u00f6nstertv\u00e4tt<\/strong><\/span><br \/>\n<span style=\"color: #ffffff; font-size: medium;\"> <strong>Reng\u00f6ring av f\u00e4lgar<\/strong><\/span><\/p>\n<p><span style=\"color: #800000; font-size: medium;\"><strong>PRIS 470 kr<\/strong><\/span><\/p>\n","protected":false},"excerpt":{"rendered":"<p>Avfettning och kallavfettning Schamponering Torkning Damsugning Damsugning av bagage Spolning av plastmattor Reng\u00f6ring av paneler Reng\u00f6ring av alla d\u00f6rrfalsar Reng\u00f6ring av melland\u00f6rr kanterna F\u00f6nstertv\u00e4tt Reng\u00f6ring av f\u00e4lgar PRIS 470 kr<\/p>\n","protected":false},"author":1,"featured_media":0,"parent":6,"menu_order":4,"comment_status":"closed","ping_status":"closed","template":"","meta":{"footnotes":""},"class_list":["post-111","page","type-page","status-publish","hentry"],"_links":{"self":[{"href":"http:\/\/kungalvsbilservice.se\/index.php?rest_route=\/wp\/v2\/pages\/111","targetHints":{"allow":["GET"]}}],"collection":[{"href":"http:\/\/kungalvsbilservice.se\/index.php?rest_route=\/wp\/v2\/pages"}],"about":[{"href":"http:\/\/kungalvsbilservice.se\/index.php?rest_route=\/wp\/v2\/types\/page"}],"author":[{"embeddable":true,"href":"http:\/\/kungalvsbilservice.se\/index.php?rest_route=\/wp\/v2\/users\/1"}],"replies":[{"embeddable":true,"href":"http:\/\/kungalvsbilservice.se\/index.php?rest_route=%2Fwp%2Fv2%2Fcomments&post=111"}],"version-history":[{"count":13,"href":"http:\/\/kungalvsbilservice.se\/index.php?rest_route=\/wp\/v2\/pages\/111\/revisions"}],"predecessor-version":[{"id":719,"href":"http:\/\/kungalvsbilservice.se\/index.php?rest_route=\/wp\/v2\/pages\/111\/revisions\/719"}],"up":[{"embeddable":true,"href":"http:\/\/kungalvsbilservice.se\/index.php?rest_route=\/wp\/v2\/pages\/6"}],"wp:attachment":[{"href":"http:\/\/kungalvsbilservice.se\/index.php?rest_route=%2Fwp%2Fv2%2Fmedia&parent=111"}],"curies":[{"name":"wp","href":"https:\/\/api.w.org\/{rel}","templated":true}]}}