{"id":154,"date":"2013-08-13T15:22:24","date_gmt":"2013-08-13T13:22:24","guid":{"rendered":"http:\/\/kungalvsbilservice.se\/?page_id=154"},"modified":"2013-08-20T14:23:20","modified_gmt":"2013-08-20T12:23:20","slug":"bat-husvagn-mc","status":"publish","type":"page","link":"http:\/\/kungalvsbilservice.se\/?page_id=154","title":{"rendered":"B\u00e5t, husvagn, MC"},"content":{"rendered":"<p><span style=\"color: #c0c0c0; font-size: medium;\"><strong><img loading=\"lazy\" decoding=\"async\" alt=\"b\u00e5t husvagn mc\" src=\"http:\/\/kungalvsbilservice.se\/wp-content\/uploads\/2013\/08\/bhm.png\" width=\"241\" height=\"50\" \/><\/strong><\/span><\/p>\n<p><span style=\"color: #c0c0c0; font-size: medium;\"><strong><span style=\"color: #ffffff;\">Tv\u00e4tt, rekond, polering av b\u00e5t, husvagn och MC.<\/span><br \/>\n<\/strong><\/span><\/p>\n<p><span style=\"color: #800000; font-size: medium;\"><strong>KONTAKTA OSS F\u00d6R PRIS<\/strong><\/span><\/p>\n","protected":false},"excerpt":{"rendered":"<p>Tv\u00e4tt, rekond, polering av b\u00e5t, husvagn och MC. KONTAKTA OSS F\u00d6R PRIS<\/p>\n","protected":false},"author":1,"featured_media":0,"parent":6,"menu_order":13,"comment_status":"closed","ping_status":"closed","template":"","meta":{"footnotes":""},"class_list":["post-154","page","type-page","status-publish","hentry"],"_links":{"self":[{"href":"http:\/\/kungalvsbilservice.se\/index.php?rest_route=\/wp\/v2\/pages\/154","targetHints":{"allow":["GET"]}}],"collection":[{"href":"http:\/\/kungalvsbilservice.se\/index.php?rest_route=\/wp\/v2\/pages"}],"about":[{"href":"http:\/\/kungalvsbilservice.se\/index.php?rest_route=\/wp\/v2\/types\/page"}],"author":[{"embeddable":true,"href":"http:\/\/kungalvsbilservice.se\/index.php?rest_route=\/wp\/v2\/users\/1"}],"replies":[{"embeddable":true,"href":"http:\/\/kungalvsbilservice.se\/index.php?rest_route=%2Fwp%2Fv2%2Fcomments&post=154"}],"version-history":[{"count":9,"href":"http:\/\/kungalvsbilservice.se\/index.php?rest_route=\/wp\/v2\/pages\/154\/revisions"}],"predecessor-version":[{"id":697,"href":"http:\/\/kungalvsbilservice.se\/index.php?rest_route=\/wp\/v2\/pages\/154\/revisions\/697"}],"up":[{"embeddable":true,"href":"http:\/\/kungalvsbilservice.se\/index.php?rest_route=\/wp\/v2\/pages\/6"}],"wp:attachment":[{"href":"http:\/\/kungalvsbilservice.se\/index.php?rest_route=%2Fwp%2Fv2%2Fmedia&parent=154"}],"curies":[{"name":"wp","href":"https:\/\/api.w.org\/{rel}","templated":true}]}}