{"id":200,"date":"2013-08-13T15:40:42","date_gmt":"2013-08-13T13:40:42","guid":{"rendered":"http:\/\/kungalvsbilservice.se\/?page_id=200"},"modified":"2013-08-20T14:26:57","modified_gmt":"2013-08-20T12:26:57","slug":"balansering-och-krangning","status":"publish","type":"page","link":"http:\/\/kungalvsbilservice.se\/?page_id=200","title":{"rendered":"Balansering och kr\u00e4ngning"},"content":{"rendered":"<p><span style=\"font-size: medium;\"><img loading=\"lazy\" decoding=\"async\" alt=\"balansering kr\u00e4ngning\" src=\"http:\/\/kungalvsbilservice.se\/wp-content\/uploads\/2013\/08\/balkr.png\" width=\"283\" height=\"50\" \/><\/span><\/p>\n<p><span style=\"color: #ffffff; font-size: medium;\"><strong>Balansering av d\u00e4ck garanterar utm\u00e4rkt komfort och minskat slitage p\u00e5 dina d\u00e4ck och bilens hjulupph\u00e4ngningar.<\/strong><\/span><\/p>\n<p><span style=\"color: #ffffff; font-size: medium;\"><strong>En balansering av d\u00e4ck ger dig:<\/strong><\/span><\/p>\n<p><span style=\"color: #ffffff; font-size: medium;\"><strong>B\u00e4ttre stabilitet och b\u00e4ttre styrkontroll \u00f6ver fordonet<\/strong><\/span><br \/>\n<span style=\"color: #ffffff; font-size: medium;\"> <strong>Prestanda och s\u00e4kerhet<\/strong><\/span><br \/>\n<span style=\"color: #ffffff; font-size: medium;\"> <strong>Optimalt kilometerresultat<\/strong><\/span><\/p>\n<p><span style=\"color: #800000; font-size: medium;\"><strong>Pris: 600 kr<\/strong><\/span><\/p>\n","protected":false},"excerpt":{"rendered":"<p>Balansering av d\u00e4ck garanterar utm\u00e4rkt komfort och minskat slitage p\u00e5 dina d\u00e4ck och bilens hjulupph\u00e4ngningar. En balansering av d\u00e4ck ger dig: B\u00e4ttre stabilitet och b\u00e4ttre styrkontroll \u00f6ver fordonet Prestanda och s\u00e4kerhet Optimalt kilometerresultat Pris: 600 kr<\/p>\n","protected":false},"author":1,"featured_media":0,"parent":4,"menu_order":1,"comment_status":"closed","ping_status":"closed","template":"","meta":{"footnotes":""},"class_list":["post-200","page","type-page","status-publish","hentry"],"_links":{"self":[{"href":"http:\/\/kungalvsbilservice.se\/index.php?rest_route=\/wp\/v2\/pages\/200","targetHints":{"allow":["GET"]}}],"collection":[{"href":"http:\/\/kungalvsbilservice.se\/index.php?rest_route=\/wp\/v2\/pages"}],"about":[{"href":"http:\/\/kungalvsbilservice.se\/index.php?rest_route=\/wp\/v2\/types\/page"}],"author":[{"embeddable":true,"href":"http:\/\/kungalvsbilservice.se\/index.php?rest_route=\/wp\/v2\/users\/1"}],"replies":[{"embeddable":true,"href":"http:\/\/kungalvsbilservice.se\/index.php?rest_route=%2Fwp%2Fv2%2Fcomments&post=200"}],"version-history":[{"count":9,"href":"http:\/\/kungalvsbilservice.se\/index.php?rest_route=\/wp\/v2\/pages\/200\/revisions"}],"predecessor-version":[{"id":708,"href":"http:\/\/kungalvsbilservice.se\/index.php?rest_route=\/wp\/v2\/pages\/200\/revisions\/708"}],"up":[{"embeddable":true,"href":"http:\/\/kungalvsbilservice.se\/index.php?rest_route=\/wp\/v2\/pages\/4"}],"wp:attachment":[{"href":"http:\/\/kungalvsbilservice.se\/index.php?rest_route=%2Fwp%2Fv2%2Fmedia&parent=200"}],"curies":[{"name":"wp","href":"https:\/\/api.w.org\/{rel}","templated":true}]}}