{"id":6,"date":"2013-07-25T12:58:12","date_gmt":"2013-07-25T10:58:12","guid":{"rendered":"http:\/\/kungalvsbilservice.se\/?page_id=6"},"modified":"2013-08-20T10:22:29","modified_gmt":"2013-08-20T08:22:29","slug":"3-2","status":"publish","type":"page","link":"http:\/\/kungalvsbilservice.se\/?page_id=6","title":{"rendered":"Bilv\u00e5rd"},"content":{"rendered":"<p><img loading=\"lazy\" decoding=\"async\" alt=\"bilv\u00e5rd\" src=\"http:\/\/kungalvsbilservice.se\/wp-content\/uploads\/2013\/08\/bilv.png\" width=\"283\" height=\"50\" \/><\/p>\n<p><span style=\"color: #ffffff;\"> <strong>Polera och vaxa f\u00f6r att \u00f6ka glans och lyster i lacken. <\/strong><strong>Lack konservering \u00e4r en 5-stegsbehandling som ger ett mycket l\u00e5ngvarigt och starkt skydd p\u00e5 lacken. Detta skydd g\u00f6r det sv\u00e5rare f\u00f6r rost, smuts och UV-ljus att matta eller oxidera lacken (f\u00f6r nya eller nyare bilar)<\/strong>. <strong>Smutsen har sv\u00e5rare att f\u00e4sta p\u00e5 bilen, d\u00e4rav e<\/strong><strong>tt minskat behov av tv\u00e4ttning av bilen.<\/strong><\/span><\/p>\n","protected":false},"excerpt":{"rendered":"<p>Polera och vaxa f\u00f6r att \u00f6ka glans och lyster i lacken. Lack konservering \u00e4r en 5-stegsbehandling som ger ett mycket l\u00e5ngvarigt och starkt skydd p\u00e5 lacken. Detta skydd g\u00f6r det sv\u00e5rare f\u00f6r rost, smuts och UV-ljus att matta eller oxidera &hellip; <a href=\"http:\/\/kungalvsbilservice.se\/?page_id=6\">Forts\u00e4tt l\u00e4sa <span class=\"meta-nav\">&rarr;<\/span><\/a><\/p>\n","protected":false},"author":1,"featured_media":0,"parent":0,"menu_order":1,"comment_status":"closed","ping_status":"closed","template":"","meta":{"footnotes":""},"class_list":["post-6","page","type-page","status-publish","hentry"],"_links":{"self":[{"href":"http:\/\/kungalvsbilservice.se\/index.php?rest_route=\/wp\/v2\/pages\/6","targetHints":{"allow":["GET"]}}],"collection":[{"href":"http:\/\/kungalvsbilservice.se\/index.php?rest_route=\/wp\/v2\/pages"}],"about":[{"href":"http:\/\/kungalvsbilservice.se\/index.php?rest_route=\/wp\/v2\/types\/page"}],"author":[{"embeddable":true,"href":"http:\/\/kungalvsbilservice.se\/index.php?rest_route=\/wp\/v2\/users\/1"}],"replies":[{"embeddable":true,"href":"http:\/\/kungalvsbilservice.se\/index.php?rest_route=%2Fwp%2Fv2%2Fcomments&post=6"}],"version-history":[{"count":16,"href":"http:\/\/kungalvsbilservice.se\/index.php?rest_route=\/wp\/v2\/pages\/6\/revisions"}],"predecessor-version":[{"id":47,"href":"http:\/\/kungalvsbilservice.se\/index.php?rest_route=\/wp\/v2\/pages\/6\/revisions\/47"}],"wp:attachment":[{"href":"http:\/\/kungalvsbilservice.se\/index.php?rest_route=%2Fwp%2Fv2%2Fmedia&parent=6"}],"curies":[{"name":"wp","href":"https:\/\/api.w.org\/{rel}","templated":true}]}}